{"id":130,"date":"2022-01-10T13:30:40","date_gmt":"2022-01-10T13:30:40","guid":{"rendered":"https:\/\/qmaconsultores.com\/upo\/?page_id=130"},"modified":"2022-03-23T14:01:29","modified_gmt":"2022-03-23T14:01:29","slug":"equipo","status":"publish","type":"page","link":"https:\/\/qmaconsultores.com\/upo\/equipo\/","title":{"rendered":"EQUIPO"},"content":{"rendered":"\t\t<div data-elementor-type=\"wp-page\" data-elementor-id=\"130\" class=\"elementor elementor-130\" data-elementor-settings=\"[]\">\n\t\t\t\t\t\t\t<div class=\"elementor-section-wrap\">\n\t\t\t\t\t\t\t<section class=\"elementor-section elementor-top-section elementor-element elementor-element-f304237 elementor-section-boxed elementor-section-height-default elementor-section-height-default\" data-id=\"f304237\" data-element_type=\"section\">\n\t\t\t\t\t\t<div class=\"elementor-container elementor-column-gap-default\">\n\t\t\t\t\t<div class=\"elementor-column elementor-col-100 elementor-top-column elementor-element elementor-element-80d3adc\" data-id=\"80d3adc\" data-element_type=\"column\">\n\t\t\t<div class=\"elementor-widget-wrap elementor-element-populated\">\n\t\t\t\t\t\t\t\t<div class=\"elementor-element elementor-element-bd11619 elementor-widget elementor-widget-heading\" data-id=\"bd11619\" data-element_type=\"widget\" data-widget_type=\"heading.default\">\n\t\t\t\t<div class=\"elementor-widget-container\">\n\t\t\t<h2 class=\"elementor-heading-title elementor-size-default\">EQUIPO<\/h2>\t\t<\/div>\n\t\t\t\t<\/div>\n\t\t\t\t\t<\/div>\n\t\t<\/div>\n\t\t\t\t\t\t\t<\/div>\n\t\t<\/section>\n\t\t\t\t<section class=\"elementor-section elementor-top-section elementor-element elementor-element-a301dcf elementor-section-boxed elementor-section-height-default elementor-section-height-default\" data-id=\"a301dcf\" data-element_type=\"section\">\n\t\t\t\t\t\t<div class=\"elementor-container elementor-column-gap-default\">\n\t\t\t\t\t<div class=\"elementor-column elementor-col-25 elementor-top-column elementor-element elementor-element-1706dea\" data-id=\"1706dea\" data-element_type=\"column\">\n\t\t\t<div class=\"elementor-widget-wrap elementor-element-populated\">\n\t\t\t\t\t\t\t\t<div class=\"elementor-element elementor-element-69fc0e7 elementor-widget elementor-widget-image\" data-id=\"69fc0e7\" data-element_type=\"widget\" data-widget_type=\"image.default\">\n\t\t\t\t<div class=\"elementor-widget-container\">\n\t\t\t\t\t\t\t\t\t\t\t\t\t\t\t<img loading=\"lazy\" decoding=\"async\" width=\"212\" height=\"300\" src=\"https:\/\/qmaconsultores.com\/upo\/wp-content\/uploads\/2022\/01\/Roser-Fernandez-Benito-212x300.png\" class=\"attachment-medium size-medium\" alt=\"\" srcset=\"https:\/\/qmaconsultores.com\/upo\/wp-content\/uploads\/2022\/01\/Roser-Fernandez-Benito-212x300.png 212w, https:\/\/qmaconsultores.com\/upo\/wp-content\/uploads\/2022\/01\/Roser-Fernandez-Benito-724x1024.png 724w, https:\/\/qmaconsultores.com\/upo\/wp-content\/uploads\/2022\/01\/Roser-Fernandez-Benito-768x1086.png 768w, https:\/\/qmaconsultores.com\/upo\/wp-content\/uploads\/2022\/01\/Roser-Fernandez-Benito-1086x1536.png 1086w, https:\/\/qmaconsultores.com\/upo\/wp-content\/uploads\/2022\/01\/Roser-Fernandez-Benito.png 1414w\" sizes=\"auto, (max-width: 212px) 100vw, 212px\" \/>\t\t\t\t\t\t\t\t\t\t\t\t\t\t\t<\/div>\n\t\t\t\t<\/div>\n\t\t\t\t<div class=\"elementor-element elementor-element-703a810 elementor-align-center elementor-widget elementor-widget-button\" data-id=\"703a810\" data-element_type=\"widget\" data-widget_type=\"button.default\">\n\t\t\t\t<div class=\"elementor-widget-container\">\n\t\t\t\t\t<div class=\"elementor-button-wrapper\">\n\t\t\t<a href=\"https:\/\/qmaconsultores.com\/upo\/roser-fernandez-benito\/\" class=\"elementor-button-link elementor-button elementor-size-sm\" role=\"button\">\n\t\t\t\t\t\t<span class=\"elementor-button-content-wrapper\">\n\t\t\t\t\t\t<span class=\"elementor-button-text\">M\u00e1s informaci\u00f3n<\/span>\n\t\t<\/span>\n\t\t\t\t\t<\/a>\n\t\t<\/div>\n\t\t\t\t<\/div>\n\t\t\t\t<\/div>\n\t\t\t\t\t<\/div>\n\t\t<\/div>\n\t\t\t\t<div class=\"elementor-column elementor-col-25 elementor-top-column elementor-element elementor-element-e3e3a6a\" data-id=\"e3e3a6a\" data-element_type=\"column\">\n\t\t\t<div class=\"elementor-widget-wrap elementor-element-populated\">\n\t\t\t\t\t\t\t\t<div class=\"elementor-element elementor-element-a28bc32 elementor-widget elementor-widget-image\" data-id=\"a28bc32\" data-element_type=\"widget\" data-widget_type=\"image.default\">\n\t\t\t\t<div class=\"elementor-widget-container\">\n\t\t\t\t\t\t\t\t\t\t\t\t\t\t\t<img loading=\"lazy\" decoding=\"async\" width=\"212\" height=\"300\" src=\"https:\/\/qmaconsultores.com\/upo\/wp-content\/uploads\/2022\/01\/Roser-Fernandez-Benito-1-212x300.png\" class=\"attachment-medium size-medium\" alt=\"\" srcset=\"https:\/\/qmaconsultores.com\/upo\/wp-content\/uploads\/2022\/01\/Roser-Fernandez-Benito-1-212x300.png 212w, https:\/\/qmaconsultores.com\/upo\/wp-content\/uploads\/2022\/01\/Roser-Fernandez-Benito-1-724x1024.png 724w, https:\/\/qmaconsultores.com\/upo\/wp-content\/uploads\/2022\/01\/Roser-Fernandez-Benito-1-768x1086.png 768w, https:\/\/qmaconsultores.com\/upo\/wp-content\/uploads\/2022\/01\/Roser-Fernandez-Benito-1-1086x1536.png 1086w, https:\/\/qmaconsultores.com\/upo\/wp-content\/uploads\/2022\/01\/Roser-Fernandez-Benito-1.png 1414w\" sizes=\"auto, (max-width: 212px) 100vw, 212px\" \/>\t\t\t\t\t\t\t\t\t\t\t\t\t\t\t<\/div>\n\t\t\t\t<\/div>\n\t\t\t\t<div class=\"elementor-element elementor-element-7a2581f elementor-align-center elementor-widget elementor-widget-button\" data-id=\"7a2581f\" data-element_type=\"widget\" data-widget_type=\"button.default\">\n\t\t\t\t<div class=\"elementor-widget-container\">\n\t\t\t\t\t<div class=\"elementor-button-wrapper\">\n\t\t\t<a href=\"https:\/\/qmaconsultores.com\/upo\/mario-jordi-sanchez\/\" class=\"elementor-button-link elementor-button elementor-size-sm\" role=\"button\">\n\t\t\t\t\t\t<span class=\"elementor-button-content-wrapper\">\n\t\t\t\t\t\t<span class=\"elementor-button-text\">M\u00e1s informaci\u00f3n<\/span>\n\t\t<\/span>\n\t\t\t\t\t<\/a>\n\t\t<\/div>\n\t\t\t\t<\/div>\n\t\t\t\t<\/div>\n\t\t\t\t\t<\/div>\n\t\t<\/div>\n\t\t\t\t<div class=\"elementor-column elementor-col-25 elementor-top-column elementor-element elementor-element-b4c4dc8\" data-id=\"b4c4dc8\" data-element_type=\"column\">\n\t\t\t<div class=\"elementor-widget-wrap elementor-element-populated\">\n\t\t\t\t\t\t\t\t<div class=\"elementor-element elementor-element-f4de919 elementor-widget elementor-widget-image\" data-id=\"f4de919\" data-element_type=\"widget\" data-widget_type=\"image.default\">\n\t\t\t\t<div class=\"elementor-widget-container\">\n\t\t\t\t\t\t\t\t\t\t\t\t\t\t\t<img loading=\"lazy\" decoding=\"async\" width=\"212\" height=\"300\" src=\"https:\/\/qmaconsultores.com\/upo\/wp-content\/uploads\/2022\/01\/Roser-Fernandez-Benito-2-212x300.png\" class=\"attachment-medium size-medium\" alt=\"\" srcset=\"https:\/\/qmaconsultores.com\/upo\/wp-content\/uploads\/2022\/01\/Roser-Fernandez-Benito-2-212x300.png 212w, https:\/\/qmaconsultores.com\/upo\/wp-content\/uploads\/2022\/01\/Roser-Fernandez-Benito-2-724x1024.png 724w, https:\/\/qmaconsultores.com\/upo\/wp-content\/uploads\/2022\/01\/Roser-Fernandez-Benito-2-768x1086.png 768w, https:\/\/qmaconsultores.com\/upo\/wp-content\/uploads\/2022\/01\/Roser-Fernandez-Benito-2-1086x1536.png 1086w, https:\/\/qmaconsultores.com\/upo\/wp-content\/uploads\/2022\/01\/Roser-Fernandez-Benito-2.png 1414w\" sizes=\"auto, (max-width: 212px) 100vw, 212px\" \/>\t\t\t\t\t\t\t\t\t\t\t\t\t\t\t<\/div>\n\t\t\t\t<\/div>\n\t\t\t\t<div class=\"elementor-element elementor-element-2be0fca elementor-align-center elementor-widget elementor-widget-button\" data-id=\"2be0fca\" data-element_type=\"widget\" data-widget_type=\"button.default\">\n\t\t\t\t<div class=\"elementor-widget-container\">\n\t\t\t\t\t<div class=\"elementor-button-wrapper\">\n\t\t\t<a href=\"https:\/\/qmaconsultores.com\/upo\/ana-maria-luque-gil\/\" class=\"elementor-button-link elementor-button elementor-size-sm\" role=\"button\">\n\t\t\t\t\t\t<span class=\"elementor-button-content-wrapper\">\n\t\t\t\t\t\t<span class=\"elementor-button-text\">M\u00e1s informaci\u00f3n<\/span>\n\t\t<\/span>\n\t\t\t\t\t<\/a>\n\t\t<\/div>\n\t\t\t\t<\/div>\n\t\t\t\t<\/div>\n\t\t\t\t\t<\/div>\n\t\t<\/div>\n\t\t\t\t<div class=\"elementor-column elementor-col-25 elementor-top-column elementor-element elementor-element-b6b318b\" data-id=\"b6b318b\" data-element_type=\"column\">\n\t\t\t<div class=\"elementor-widget-wrap elementor-element-populated\">\n\t\t\t\t\t\t\t\t<div class=\"elementor-element elementor-element-a6bce17 elementor-widget elementor-widget-image\" data-id=\"a6bce17\" data-element_type=\"widget\" data-widget_type=\"image.default\">\n\t\t\t\t<div class=\"elementor-widget-container\">\n\t\t\t\t\t\t\t\t\t\t\t\t\t\t\t<img loading=\"lazy\" decoding=\"async\" width=\"212\" height=\"300\" src=\"https:\/\/qmaconsultores.com\/upo\/wp-content\/uploads\/2022\/03\/Roser-Fernandez-Benito-3-212x300.png\" class=\"attachment-medium size-medium\" alt=\"\" srcset=\"https:\/\/qmaconsultores.com\/upo\/wp-content\/uploads\/2022\/03\/Roser-Fernandez-Benito-3-212x300.png 212w, https:\/\/qmaconsultores.com\/upo\/wp-content\/uploads\/2022\/03\/Roser-Fernandez-Benito-3-724x1024.png 724w, https:\/\/qmaconsultores.com\/upo\/wp-content\/uploads\/2022\/03\/Roser-Fernandez-Benito-3-768x1086.png 768w, https:\/\/qmaconsultores.com\/upo\/wp-content\/uploads\/2022\/03\/Roser-Fernandez-Benito-3-1086x1536.png 1086w, https:\/\/qmaconsultores.com\/upo\/wp-content\/uploads\/2022\/03\/Roser-Fernandez-Benito-3.png 1414w\" sizes=\"auto, (max-width: 212px) 100vw, 212px\" \/>\t\t\t\t\t\t\t\t\t\t\t\t\t\t\t<\/div>\n\t\t\t\t<\/div>\n\t\t\t\t<div class=\"elementor-element elementor-element-3802e5a elementor-align-center elementor-widget elementor-widget-button\" data-id=\"3802e5a\" data-element_type=\"widget\" data-widget_type=\"button.default\">\n\t\t\t\t<div class=\"elementor-widget-container\">\n\t\t\t\t\t<div class=\"elementor-button-wrapper\">\n\t\t\t<a href=\"https:\/\/qmaconsultores.com\/upo\/miguel-angel-morales-cevidanes\/\" class=\"elementor-button-link elementor-button elementor-size-sm\" role=\"button\">\n\t\t\t\t\t\t<span class=\"elementor-button-content-wrapper\">\n\t\t\t\t\t\t<span class=\"elementor-button-text\">M\u00e1s informaci\u00f3n<\/span>\n\t\t<\/span>\n\t\t\t\t\t<\/a>\n\t\t<\/div>\n\t\t\t\t<\/div>\n\t\t\t\t<\/div>\n\t\t\t\t\t<\/div>\n\t\t<\/div>\n\t\t\t\t\t\t\t<\/div>\n\t\t<\/section>\n\t\t\t\t<section class=\"elementor-section elementor-top-section elementor-element elementor-element-79774f0 elementor-section-boxed elementor-section-height-default elementor-section-height-default\" data-id=\"79774f0\" data-element_type=\"section\">\n\t\t\t\t\t\t<div class=\"elementor-container elementor-column-gap-default\">\n\t\t\t\t\t<div class=\"elementor-column elementor-col-25 elementor-top-column elementor-element elementor-element-856c6d1\" data-id=\"856c6d1\" data-element_type=\"column\">\n\t\t\t<div class=\"elementor-widget-wrap elementor-element-populated\">\n\t\t\t\t\t\t\t\t<div class=\"elementor-element elementor-element-0772641 elementor-widget elementor-widget-image\" data-id=\"0772641\" data-element_type=\"widget\" data-widget_type=\"image.default\">\n\t\t\t\t<div class=\"elementor-widget-container\">\n\t\t\t\t\t\t\t\t\t\t\t\t\t\t\t<img loading=\"lazy\" decoding=\"async\" width=\"212\" height=\"300\" src=\"https:\/\/qmaconsultores.com\/upo\/wp-content\/uploads\/2022\/01\/Roser-Fernandez-Benito-3-212x300.png\" class=\"attachment-medium size-medium\" alt=\"\" srcset=\"https:\/\/qmaconsultores.com\/upo\/wp-content\/uploads\/2022\/01\/Roser-Fernandez-Benito-3-212x300.png 212w, https:\/\/qmaconsultores.com\/upo\/wp-content\/uploads\/2022\/01\/Roser-Fernandez-Benito-3-724x1024.png 724w, https:\/\/qmaconsultores.com\/upo\/wp-content\/uploads\/2022\/01\/Roser-Fernandez-Benito-3-768x1086.png 768w, https:\/\/qmaconsultores.com\/upo\/wp-content\/uploads\/2022\/01\/Roser-Fernandez-Benito-3-1086x1536.png 1086w, https:\/\/qmaconsultores.com\/upo\/wp-content\/uploads\/2022\/01\/Roser-Fernandez-Benito-3.png 1414w\" sizes=\"auto, (max-width: 212px) 100vw, 212px\" \/>\t\t\t\t\t\t\t\t\t\t\t\t\t\t\t<\/div>\n\t\t\t\t<\/div>\n\t\t\t\t<div class=\"elementor-element elementor-element-68be5cc elementor-align-center elementor-widget elementor-widget-button\" data-id=\"68be5cc\" data-element_type=\"widget\" data-widget_type=\"button.default\">\n\t\t\t\t<div class=\"elementor-widget-container\">\n\t\t\t\t\t<div class=\"elementor-button-wrapper\">\n\t\t\t<a href=\"https:\/\/qmaconsultores.com\/upo\/pablo-luque-gil\/\" class=\"elementor-button-link elementor-button elementor-size-sm\" role=\"button\">\n\t\t\t\t\t\t<span class=\"elementor-button-content-wrapper\">\n\t\t\t\t\t\t<span class=\"elementor-button-text\">M\u00e1s informaci\u00f3n<\/span>\n\t\t<\/span>\n\t\t\t\t\t<\/a>\n\t\t<\/div>\n\t\t\t\t<\/div>\n\t\t\t\t<\/div>\n\t\t\t\t\t<\/div>\n\t\t<\/div>\n\t\t\t\t<div class=\"elementor-column elementor-col-25 elementor-top-column elementor-element elementor-element-faa75e0\" data-id=\"faa75e0\" data-element_type=\"column\">\n\t\t\t<div class=\"elementor-widget-wrap elementor-element-populated\">\n\t\t\t\t\t\t\t\t<div class=\"elementor-element elementor-element-6e1bb06 elementor-widget elementor-widget-image\" data-id=\"6e1bb06\" data-element_type=\"widget\" data-widget_type=\"image.default\">\n\t\t\t\t<div class=\"elementor-widget-container\">\n\t\t\t\t\t\t\t\t\t\t\t\t\t\t\t<img loading=\"lazy\" decoding=\"async\" width=\"212\" height=\"300\" src=\"https:\/\/qmaconsultores.com\/upo\/wp-content\/uploads\/2022\/01\/Roser-Fernandez-Benito-4-212x300.png\" class=\"attachment-medium size-medium\" alt=\"\" srcset=\"https:\/\/qmaconsultores.com\/upo\/wp-content\/uploads\/2022\/01\/Roser-Fernandez-Benito-4-212x300.png 212w, https:\/\/qmaconsultores.com\/upo\/wp-content\/uploads\/2022\/01\/Roser-Fernandez-Benito-4-724x1024.png 724w, https:\/\/qmaconsultores.com\/upo\/wp-content\/uploads\/2022\/01\/Roser-Fernandez-Benito-4-768x1086.png 768w, https:\/\/qmaconsultores.com\/upo\/wp-content\/uploads\/2022\/01\/Roser-Fernandez-Benito-4-1086x1536.png 1086w, https:\/\/qmaconsultores.com\/upo\/wp-content\/uploads\/2022\/01\/Roser-Fernandez-Benito-4.png 1414w\" sizes=\"auto, (max-width: 212px) 100vw, 212px\" \/>\t\t\t\t\t\t\t\t\t\t\t\t\t\t\t<\/div>\n\t\t\t\t<\/div>\n\t\t\t\t<div class=\"elementor-element elementor-element-d1a0857 elementor-align-center elementor-widget elementor-widget-button\" data-id=\"d1a0857\" data-element_type=\"widget\" data-widget_type=\"button.default\">\n\t\t\t\t<div class=\"elementor-widget-container\">\n\t\t\t\t\t<div class=\"elementor-button-wrapper\">\n\t\t\t<a href=\"https:\/\/qmaconsultores.com\/upo\/david-moscoso-sanchez\/\" class=\"elementor-button-link elementor-button elementor-size-sm\" role=\"button\">\n\t\t\t\t\t\t<span class=\"elementor-button-content-wrapper\">\n\t\t\t\t\t\t<span class=\"elementor-button-text\">M\u00e1s informaci\u00f3n<\/span>\n\t\t<\/span>\n\t\t\t\t\t<\/a>\n\t\t<\/div>\n\t\t\t\t<\/div>\n\t\t\t\t<\/div>\n\t\t\t\t\t<\/div>\n\t\t<\/div>\n\t\t\t\t<div class=\"elementor-column elementor-col-25 elementor-top-column elementor-element elementor-element-0a8762e\" data-id=\"0a8762e\" data-element_type=\"column\">\n\t\t\t<div class=\"elementor-widget-wrap elementor-element-populated\">\n\t\t\t\t\t\t\t\t<div class=\"elementor-element elementor-element-58f4e68 elementor-widget elementor-widget-image\" data-id=\"58f4e68\" data-element_type=\"widget\" data-widget_type=\"image.default\">\n\t\t\t\t<div class=\"elementor-widget-container\">\n\t\t\t\t\t\t\t\t\t\t\t\t\t\t\t<img loading=\"lazy\" decoding=\"async\" width=\"212\" height=\"300\" src=\"https:\/\/qmaconsultores.com\/upo\/wp-content\/uploads\/2022\/01\/Roser-Fernandez-Benito-5-212x300.png\" class=\"attachment-medium size-medium\" alt=\"\" srcset=\"https:\/\/qmaconsultores.com\/upo\/wp-content\/uploads\/2022\/01\/Roser-Fernandez-Benito-5-212x300.png 212w, https:\/\/qmaconsultores.com\/upo\/wp-content\/uploads\/2022\/01\/Roser-Fernandez-Benito-5-724x1024.png 724w, https:\/\/qmaconsultores.com\/upo\/wp-content\/uploads\/2022\/01\/Roser-Fernandez-Benito-5-768x1086.png 768w, https:\/\/qmaconsultores.com\/upo\/wp-content\/uploads\/2022\/01\/Roser-Fernandez-Benito-5-1086x1536.png 1086w, https:\/\/qmaconsultores.com\/upo\/wp-content\/uploads\/2022\/01\/Roser-Fernandez-Benito-5.png 1414w\" sizes=\"auto, (max-width: 212px) 100vw, 212px\" \/>\t\t\t\t\t\t\t\t\t\t\t\t\t\t\t<\/div>\n\t\t\t\t<\/div>\n\t\t\t\t<div class=\"elementor-element elementor-element-ef6f1bc elementor-align-center elementor-widget elementor-widget-button\" data-id=\"ef6f1bc\" data-element_type=\"widget\" data-widget_type=\"button.default\">\n\t\t\t\t<div class=\"elementor-widget-container\">\n\t\t\t\t\t<div class=\"elementor-button-wrapper\">\n\t\t\t<a href=\"https:\/\/qmaconsultores.com\/upo\/natalia-pedrajas-sanz\/\" class=\"elementor-button-link elementor-button elementor-size-sm\" role=\"button\">\n\t\t\t\t\t\t<span class=\"elementor-button-content-wrapper\">\n\t\t\t\t\t\t<span class=\"elementor-button-text\">M\u00e1s informaci\u00f3n<\/span>\n\t\t<\/span>\n\t\t\t\t\t<\/a>\n\t\t<\/div>\n\t\t\t\t<\/div>\n\t\t\t\t<\/div>\n\t\t\t\t\t<\/div>\n\t\t<\/div>\n\t\t\t\t<div class=\"elementor-column elementor-col-25 elementor-top-column elementor-element elementor-element-0160b9e\" data-id=\"0160b9e\" data-element_type=\"column\">\n\t\t\t<div class=\"elementor-widget-wrap elementor-element-populated\">\n\t\t\t\t\t\t\t\t<div class=\"elementor-element elementor-element-dab756a elementor-widget elementor-widget-image\" data-id=\"dab756a\" data-element_type=\"widget\" data-widget_type=\"image.default\">\n\t\t\t\t<div class=\"elementor-widget-container\">\n\t\t\t\t\t\t\t\t\t\t\t\t\t\t\t<img loading=\"lazy\" decoding=\"async\" width=\"212\" height=\"300\" src=\"https:\/\/qmaconsultores.com\/upo\/wp-content\/uploads\/2022\/01\/Roser-Fernandez-Benito-6-212x300.png\" class=\"attachment-medium size-medium\" alt=\"\" srcset=\"https:\/\/qmaconsultores.com\/upo\/wp-content\/uploads\/2022\/01\/Roser-Fernandez-Benito-6-212x300.png 212w, https:\/\/qmaconsultores.com\/upo\/wp-content\/uploads\/2022\/01\/Roser-Fernandez-Benito-6-724x1024.png 724w, https:\/\/qmaconsultores.com\/upo\/wp-content\/uploads\/2022\/01\/Roser-Fernandez-Benito-6-768x1086.png 768w, https:\/\/qmaconsultores.com\/upo\/wp-content\/uploads\/2022\/01\/Roser-Fernandez-Benito-6-1086x1536.png 1086w, https:\/\/qmaconsultores.com\/upo\/wp-content\/uploads\/2022\/01\/Roser-Fernandez-Benito-6.png 1414w\" sizes=\"auto, (max-width: 212px) 100vw, 212px\" \/>\t\t\t\t\t\t\t\t\t\t\t\t\t\t\t<\/div>\n\t\t\t\t<\/div>\n\t\t\t\t<div class=\"elementor-element elementor-element-0b19dec elementor-align-center elementor-widget elementor-widget-button\" data-id=\"0b19dec\" data-element_type=\"widget\" data-widget_type=\"button.default\">\n\t\t\t\t<div class=\"elementor-widget-container\">\n\t\t\t\t\t<div class=\"elementor-button-wrapper\">\n\t\t\t<a href=\"https:\/\/qmaconsultores.com\/upo\/antonio-manuel-perez-flores\/\" class=\"elementor-button-link elementor-button elementor-size-sm\" role=\"button\">\n\t\t\t\t\t\t<span class=\"elementor-button-content-wrapper\">\n\t\t\t\t\t\t<span class=\"elementor-button-text\">M\u00e1s informaci\u00f3n<\/span>\n\t\t<\/span>\n\t\t\t\t\t<\/a>\n\t\t<\/div>\n\t\t\t\t<\/div>\n\t\t\t\t<\/div>\n\t\t\t\t\t<\/div>\n\t\t<\/div>\n\t\t\t\t\t\t\t<\/div>\n\t\t<\/section>\n\t\t\t\t\t\t<\/div>\n\t\t\t\t\t<\/div>\n\t\t","protected":false},"excerpt":{"rendered":"<p>EQUIPO M\u00e1s informaci\u00f3n M\u00e1s informaci\u00f3n M\u00e1s informaci\u00f3n M\u00e1s informaci\u00f3n M\u00e1s informaci\u00f3n M\u00e1s informaci\u00f3n M\u00e1s informaci\u00f3n M\u00e1s informaci\u00f3n<\/p>\n","protected":false},"author":1,"featured_media":0,"parent":0,"menu_order":0,"comment_status":"closed","ping_status":"closed","template":"","meta":{"site-sidebar-layout":"no-sidebar","site-content-layout":"page-builder","ast-main-header-display":"","ast-hfb-above-header-display":"","ast-hfb-below-header-display":"","ast-hfb-mobile-header-display":"","site-post-title":"disabled","ast-breadcrumbs-content":"","ast-featured-img":"disabled","footer-sml-layout":"","theme-transparent-header-meta":"","adv-header-id-meta":"","stick-header-meta":"","header-above-stick-meta":"","header-main-stick-meta":"","header-below-stick-meta":"","footnotes":""},"class_list":["post-130","page","type-page","status-publish","hentry"],"_links":{"self":[{"href":"https:\/\/qmaconsultores.com\/upo\/wp-json\/wp\/v2\/pages\/130","targetHints":{"allow":["GET"]}}],"collection":[{"href":"https:\/\/qmaconsultores.com\/upo\/wp-json\/wp\/v2\/pages"}],"about":[{"href":"https:\/\/qmaconsultores.com\/upo\/wp-json\/wp\/v2\/types\/page"}],"author":[{"embeddable":true,"href":"https:\/\/qmaconsultores.com\/upo\/wp-json\/wp\/v2\/users\/1"}],"replies":[{"embeddable":true,"href":"https:\/\/qmaconsultores.com\/upo\/wp-json\/wp\/v2\/comments?post=130"}],"version-history":[{"count":70,"href":"https:\/\/qmaconsultores.com\/upo\/wp-json\/wp\/v2\/pages\/130\/revisions"}],"predecessor-version":[{"id":404,"href":"https:\/\/qmaconsultores.com\/upo\/wp-json\/wp\/v2\/pages\/130\/revisions\/404"}],"wp:attachment":[{"href":"https:\/\/qmaconsultores.com\/upo\/wp-json\/wp\/v2\/media?parent=130"}],"curies":[{"name":"wp","href":"https:\/\/api.w.org\/{rel}","templated":true}]}}